at is the hundreds digit of 2873283?
2
What is the units digit of 174896?
6
What is the thousands digit of 12483280?
3
What is the hundreds digit of 169887?
8
What is the hundreds digit of 1142779?
7
What is the hundreds digit of 10311825?
8
What is the ten thousands digit of 7981914?
8
What is the hundred thousands digit of 34283229?
2
What is the ten thousands digit of 654936?
5
What is the ten thousands digit of 740184?
4
What is the tens digit of 4392?
9
What is the ten thousands digit of 1674879?
7
What is the thousands digit of 661186?
1
What is the units digit of 202005?
5
What is the thousands digit of 131974?
1
What is the thousands digit of 4160723?
0
What is the tens digit of 490546?
4
What is the units digit of 5224825?
5
What is the tens digit of 24479?
7
What is the hundreds digit of 13463105?
1
What is the units digit of 24341883?
3
What is the units digit of 104797?
7
What is the units digit of 10463065?
5
What is the hundred thousands digit of 1533198?
5
What is the hundreds digit of 3053193?
1
What is the millions digit of 4873682?
4
What is the thousands digit of 3908786?
8
What is the ten thousands digit of 63198?
6
What is the ten thousands digit of 208529?
0
What is the units digit of 137154?
4
What is the hundreds digit of 34212?
2
What is the hundred thousands digit of 1486920?
4
What is the ten thousands digit of 1073898?
7
What is the thousands digit of 4421403?
1
What is the millions digit of 2803793?
2
What is the hundreds digit of 58557?
5
What is the hundreds digit of 678436?
4
What is the thousands digit of 1634115?
4
What is the units digit of 258757?
7
What is the ten thousands digit of 3642884?
4
What is the units digit of 18953868?
8
What is the hundreds digit of 1062421?
4
What is the hundred thousands digit of 2775113?
7
What is the ten thousands digit of 188762?
8
What is the thousands digit of 823333?
3
What is the hundred thousands digit of 553523?
5
What is the hundred thousands digit of 954977?
9
What is the millions digit of 5954970?
5
What is the tens digit of 325729?
2
What is the tens digit of 448920?
2
What is the hundred thousands digit of 3623787?
6
What is the thousands digit of 8424319?
4
What is the millions digit of 1499508?
1
What is the thousands digit of 222271?
2
What is the thousands digit of 28354671?
4
What is the hundreds digit of 824086?
0
What is the millions digit of 12326824?
2
What is the ten thousands digit of 363743?
6
What is the units digit of 576330?
0
What is the hundred thousands digit of 330778?
3
What is the units digit of 22482595?
5
What is the ten thousands digit of 457257?
5
What is the units digit of 1500632?
2
What is the units digit of 30781?
1
What is the ten thousands digit of 1271618?
7
What is the tens digit of 608791?
9
What is the hundred thousands digit of 625571?
6
What is the tens digit of 806226?
2
What is the hundreds digit of 4342140?
1
What is the millions digit of 9302582?
9
What is the ten thousands digit of 66229?
6
What is the millions digit of 1418766?
1
What is the hundred thousands digit of 1353256?
3
What is the units digit of 443298?
8
What is the thousands digit of 1001307?
1
What is the ten thousands digit of 303811?
0
What is the hundred thousands digit of 1572487?
5
What is the millions digit of 3246455?
3
What is the hundreds digit of 4140140?
1
What is the ten thousands digit of 13287283?
8
What is the units digit of 9923?
3
What is the hundred thousands digit of 578492?
5
What is the millions digit of 3897671?
3
What is the hundred thousands digit of 292470?
2
What is the tens digit of 436776?
7
What is the millions digit of 6516561?
6
What is the tens digit of 19402?
0
What is the millions digit of 5314449?
5
What is the tens digit of 35385?
8
What is the ten thousands digit of 935603?
3
What is the units digit of 30287035?
5
What is the ten thousands digit of 216507?
1
What is the thousands digit of 6593664?
3
What is the hundreds digit of 221895?
8
What is the millions digit of 24287596?
4
What is the tens digit of 7800821?
2
What is the units digit of 232546?
6
What is the thousands digit of 29318?
9
What is the hundreds digit of 721612?
6
What is the hundred thousands digit of 5473730?
4
What is the thousands digit of 1494559?
4
What is the tens digit of 17689628?
2
What is the ten thousands digit of 18044275?
4
What is the tens digit of 3612291?
9
What is the millions digit of 15214024?
5
What is the hundreds digit of 53177?
1
What is the millions digit of 1396875?
1
What is the units digit of 1669800?
0
What is the hundreds digit of 867507?
5
What is the units digit of 177207?
7
What is the hundred thousands digit of 12910028?
9
What is the ten thousands digit of 414762?
1
What is the hundred thousands digit of 14663898?
6
What is the hundreds digit of 183458?
4
What is the tens digit of 462925?
2
What is the tens digit of 261377?
7
What is the tens digit of 1721683?
8
What is the hundreds digit of 8444003?
0
What is the hundred thousands digit of 216114?
2
What is the tens digit of 502259?
5
What is the units digit of 1407751?
1
What is the units digit of 5105913?
3
What is the hundreds digit of 248222?
2
What is the hundreds digit of 111722?
7
What is the tens digit of 172899?
9
What is the hundreds digit of 2376732?
7
What is the hundreds digit of 2213970?
9
What is the ten thousands digit of 1540787?
4
What is the hundred thousands digit of 3905866?
9
What is the millions digit of 10706764?
0
What is the ten millions digit of 15980080?
1
What is the units digit of 98029?
9
What is the units digit of 863744?
4
What is the thousands digit of 187586?
7
What is the units digit of 35209?
9
What is the hundreds digit of 676058?
0
What is the hundreds digit of 2326214?
2
What is the thousands digit of 24789393?
9
What is the hundreds digit of 21981?
9
What is the tens digit of 34379?
7
What is the ten thousands digit of 16626175?
2
What is the tens digit of 505997?
9
What is the thousands digit of 17284?
7
What is the tens digit of 677456?
5
What is the tens digit of 12965220?
2
What is the units digit of 23761357?
7
What is the thousands digit of 540861?
0
What is the tens digit of 4087824?
2
What is the thousands digit of 889103?
9
What is the tens digit of 430360?
6
What is the ten thousands digit of 2110074?
1
What is the tens digit of 3397548?
4
What is the thousands digit of 206594?
6
What is the units digit of 262504?
4
What is the hundred thousands digit of 27993505?
9
What is the units digit of 168577?
7
What is the hundreds digit of 11706379?
3
What is the ten thousands digit of 24062761?
6
What is the tens digit of 767726?
2
What is the hundred thousands digit of 5261737?
2
What is the units digit of 5437421?
1
What is the millions digit of 3337574?
3
What is the tens digit of 10127035?
3
What is the ten millions digit of 13413649?
1
What is the millions digit of 18038243?
8
What is the units digit of 708582?
2
What is the ten millions digit of 16976624?
1
What is the units digit of 35234265?
5
What is the tens digit of 4911709?
0
What is the hundred thousands digit of 1777937?
7
What is the units digit of 217641?
1
What is the hundred thousands digit of 7484344?
4
What is the hundreds digit of 26580474?
4
What is the ten millions digit of 11722702?
1
What is the units digit of 1108639?
9
What is the hundred thousands digit of 834910?
8
What is the millions digit of 9764278?
9
What is the units digit of 18297287?
7
What is the thousands digit of 846013?
6
What is the ten millions digit of 24967595?
2
What is the ten thousands digit of 10693?
1
What is the hundred thousands digit of 990734?
9
What is the tens digit of 93292?
9
What is the millions digit of 1303390?
1
What is the ten millions digit of 12376472?
1
What is the millions digit of 4474458?
4
What is the tens digit of 4155516?
1
What is the tens digit of 3148006?
0
What is the units digit of 778586?
6
What is the ten millions digit of 12419808?
1
What is the thousands digit of 7615506?
5
What is the tens digit of 91698?
9
What is the hundreds digit of 80823?
8
What is the tens digit of 8892351?
5
What is the thousands digit of 6943?
6
What is the tens digit of 97161?
6
What is the tens digit of 1154051?
5
What is the ten millions digit of 14766180?
1
What 